eatest common divisor of 12672 and 53570304?
1152
What is the highest common factor of 6942 and 10496037?
267
Calculate the greatest common factor of 1685840 and 2560.
80
Calculate the greatest common factor of 1196 and 13566596.
92
Calculate the greatest common factor of 37689581 and 2113.
2113
What is the greatest common divisor of 18961740 and 15?
15
What is the highest common divisor of 328068 and 48672?
468
What is the greatest common factor of 55161 and 890271?
81
What is the greatest common divisor of 196 and 104847652?
196
Calculate the greatest common divisor of 106104 and 6096.
24
What is the greatest common factor of 176 and 77011?
11
Calculate the greatest common divisor of 1140978135 and 2706.
1353
Calculate the greatest common factor of 31123816 and 1808.
904
Calculate the greatest common divisor of 416232 and 66552.
1128
What is the highest common divisor of 81 and 10642239?
27
Calculate the highest common factor of 565 and 188470.
5
What is the greatest common divisor of 33994310 and 210?
70
What is the highest common divisor of 1459215 and 50130?
45
Calculate the highest common factor of 1109538 and 2916.
1458
What is the greatest common factor of 448 and 5111008?
224
What is the highest common divisor of 25885932 and 579?
579
Calculate the greatest common divisor of 1430 and 738634.
26
Calculate the greatest common factor of 60787610 and 1690.
1690
What is the highest common factor of 787147485 and 570?
285
Calculate the highest common divisor of 25254840 and 1560.
1560
Calculate the greatest common divisor of 520 and 647964824.
104
What is the greatest common factor of 18082784 and 632?
632
What is the highest common divisor of 16824 and 22049955?
2103
What is the highest common factor of 170 and 105341775?
85
Calculate the greatest common divisor of 303 and 13302306.
303
Calculate the greatest common factor of 45 and 28357860.
15
What is the highest common factor of 19690590 and 20910?
510
Calculate the greatest common divisor of 36 and 151443702.
18
What is the greatest common factor of 1309 and 49442596?
119
What is the greatest common divisor of 11401 and 72319?
13
What is the greatest common factor of 5124 and 22056258?
2562
What is the highest common divisor of 73600 and 27392?
128
Calculate the greatest common divisor of 350 and 206328325.
175
Calculate the greatest common divisor of 9055670 and 12710.
410
What is the greatest common factor of 1318756176 and 212?
212
Calculate the highest common factor of 869 and 28479.
11
What is the highest common divisor of 2730 and 53335100?
910
Calculate the greatest common factor of 518160 and 7736.
8
Calculate the greatest common factor of 107906510 and 43320.
3610
What is the greatest common factor of 39776 and 37472?
32
What is the greatest common divisor of 51542312 and 12232?
1112
Calculate the highest common divisor of 3429 and 5686425.
1143
What is the highest common factor of 47965 and 14661?
181
What is the highest common divisor of 19451 and 1182960?
53
Calculate the greatest common factor of 148171 and 31.
1
Calculate the highest common factor of 1440 and 384975.
45
What is the highest common factor of 742079772 and 54?
54
What is the highest common divisor of 46332981 and 87?
87
What is the highest common divisor of 390 and 1516788?
78
Calculate the highest common divisor of 27400320 and 1809.
603
Calculate the greatest common divisor of 40686415 and 35.
35
What is the greatest common divisor of 74733527 and 4257?
473
What is the greatest common divisor of 450 and 57933?
9
What is the highest common divisor of 9038078 and 56?
14
Calculate the highest common factor of 2372128556 and 796.
796
Calculate the highest common divisor of 53859 and 1495.
13
Calculate the greatest common factor of 206190 and 729.
9
What is the highest common factor of 55542850 and 220?
110
What is the highest common factor of 166 and 9629909?
83
Calculate the greatest common factor of 23048 and 8168104.
536
Calculate the highest common divisor of 36 and 21857004.
36
What is the highest common factor of 6042367 and 26148?
2179
Calculate the greatest common factor of 81 and 3780351.
81
What is the highest common divisor of 131 and 16112738?
131
What is the greatest common factor of 154154 and 540712942?
11858
What is the highest common factor of 723292 and 5828?
124
What is the highest common factor of 145039638 and 465?
93
What is the highest common divisor of 32558310 and 2580?
1290
Calculate the highest common divisor of 2756700 and 78300.
2700
What is the greatest common divisor of 1397325 and 30690?
465
What is the greatest common factor of 15532475 and 24633?
2737
What is the highest common factor of 6042898 and 8638?
1234
Calculate the highest common divisor of 6001335 and 54.
9
Calculate the greatest common factor of 9977244 and 108.
12
What is the highest common factor of 412 and 310854?
206
What is the highest common factor of 42680 and 2249060?
220
What is the highest common factor of 1019388 and 1140?
228
What is the greatest common factor of 3632 and 7350714?
454
What is the greatest common factor of 1072 and 380528?
16
Calculate the highest common factor of 15700 and 137375.
3925
Calculate the greatest common divisor of 46289 and 2154132.
1129
What is the greatest common factor of 1769294801 and 3147?
1049
Calculate the greatest common factor of 10822 and 458374.
14
What is the highest common factor of 1074 and 1804857?
537
Calculate the greatest common factor of 34798 and 170688.
254
What is the greatest common factor of 24263 and 11146933?
1277
Calculate the greatest common factor of 290212 and 68.
4
Calculate the highest common divisor of 1640226 and 3766.
14
Calculate the greatest common factor of 34592 and 26.
2
Calculate the greatest common divisor of 935 and 3020815.
85
What is the highest common divisor of 68908 and 55314?
14
Calculate the greatest common factor of 2858135 and 73787.
889
What is the greatest common factor of 1739 and 1100035?
47
Calculate the greatest common factor of 76 and 30648691.
19
What is the highest common divisor of 103096 and 173656?
392
What is the highest common factor of 26358885 and 3780?
945
What is the greatest common factor of 102977819 and 119?
7
What is the greatest common factor of 1394 and 4141574?
1394
Calculate the greatest common factor of 17070 and 596175.
15
What is the greatest common divisor of 28805500 and 25?
25
Calculate the highest common factor of 4445 and 2101610.
35
Calculate the greatest common factor of 930155 and 41633.
527
What is the highest common factor of 16112 and 94549456?
848
Calculate the highest common divisor of 100 and 30233372.
4
Calculate the highest common divisor of 52104 and 38952.
24
What is the greatest common factor of 168 and 3767176?
56
What is the greatest common divisor of 2786 and 44233322?
2786
Calculate the greatest common factor of 14463 and 12294.
9
Calculate the greatest common divisor of 30 and 64398925.
5
Calculate the highest common divisor of 1044223 and 1909.
1909
Calculate the greatest common divisor of 20957013 and 84546.
693
Calculate the greatest common divisor of 3526740 and 100.
20
Calculate the greatest common divisor of 105 and 23936045.
35
What is the greatest common factor of 2263343920 and 20?
20
What is the highest common factor of 609834 and 143664?
246
What is the highest common divisor of 945 and 740475?
135
Calculate the greatest common divisor of 12397 and 9624419.
161
What is the greatest common divisor of 238005 and 12513?
129
What is the greatest common factor of 7291592 and 18810?
418
What is the greatest common divisor of 13480 and 51760?
40
Calculate the greatest common factor of 4098 and 3567.
3
Calculate the greatest common factor of 1222858 and 363454.
182
What is the highest common divisor of 22268 and 362938?
38
What is the greatest common divisor of 162 and 557284482?
54
What is the greatest common factor of 115 and 59589389?
23
What is the greatest common factor of 335642 and 2338186?
514
What is the greatest common divisor of 25 and 110940?
5
What is the greatest common divisor of 53004258 and 18?
18
What is the greatest common factor of 17649 and 30581?
53
Calculate the greatest common factor of 25 and 3619613.
1
Calculate the greatest common diviso